et h be c(-1). Is (3 + (-4 - -135))/(h/(-21)) prime?
False
Let y = 22 + -17. Suppose -4*z + y*z - 5 = 0. Suppose 356 - 2221 = -z*b. Is b prime?
True
Let m(w) = -54*w**3 + 4*w**2 + 7*w + 17. Let u be m(-5). Let l = u + -3191. Is l composite?
True
Let d(p) = 1223*p - 2513. Is d(68) a prime number?
True
Let d(w) = 791*w**2 + 4*w + 29. Is d(6) prime?
False
Let p be (1 - (0 + 3)) + (-3 - -1118). Suppose -1107*s - 7044 = -p*s. Is s composite?
True
Suppose -10*f + 1287570 = 720628 - 1240788. Is f a prime number?
True
Suppose 25473 = j - 5*t - 119002, -j = 3*t - 144523. Is j a composite number?
True
Is -1 + (4 + -1)/(5/(-5)) + 3597 composite?
False
Let j be (78/(-52))/((6/16)/(-1)). Suppose j*k - 8 - 92 = 0. Let h = k + 270. Is h a prime number?
False
Suppose 0 = 191*z - 177*z - 821982. Suppose 0 = 23*j - 26*j + z. Is j a composite number?
False
Let f(v) = -3*v**2 - v - 8*v**3 - 1 - 2*v + 7*v**3 - 33*v**3. Let l be f(-2). Suppose l + 690 = 5*m. Is m composite?
False
Let g be (9/15)/(12/20). Is g - ((-31312)/48 - (-1)/3) composite?
False
Let o be (-2 - 7/2)*22/(-1). Suppose -604 = -125*u + o*u. Let h = 824 - u. Is h a prime number?
True
Let y be 30/(-9)*(-3)/(-12)*-6. Suppose v - y = -3. Is (4/v)/((-16)/(-3832)) a composite number?
False
Suppose -d + 53539 = 2*o, -o + 222*d - 227*d + 26774 = 0. Is o composite?
True
Suppose 41*l = 43*l + 4*p - 27110, 4*p = l - 13537. Is l a composite number?
True
Suppose 0 = -13*o - 36 + 36. Is (-6755 - 6)/(o - 1) a prime number?
True
Suppose -5*l + 7365 = -3*h, 3*l - 2*h = -h + 4423. Suppose 2*m - 5083 = -5*x + 2320, -l = -x - 5*m. Is x composite?
False
Let l be ((-246)/(-8) - 3) + 1/4. Let q = 28 - l. Is (-4 + 3 - (2 + q)) + 160 a composite number?
False
Let a(g) = -g**3 + 4*g**2 - 3*g + 1. Let w be a(2). Suppose u - 1045 = -2*v, -3131 = -3*u - w*v + v. Is u prime?
False
Suppose 0*y - y = -2*u - 81, -y - 4*u + 81 = 0. Let l = 41 + 323. Let a = y + l. Is a a composite number?
True
Suppose -43677498 = -48*b - 334*b. Is b a composite number?
True
Suppose 4*l + 3*g = 4978, -5*g - 1258 + 2 = -l. Let i = l - -289. Is i composite?
True
Is (-12)/66 + ((-3126)/(-9))/((-154)/(-35469)) a composite number?
False
Suppose 18 = -4*r + 86. Let g(u) be the third derivative of u**5/10 - 11*u**4/12 + 19*u**3/6 - 7*u**2. Is g(r) prime?
False
Let v = 48 - 49. Let x be -53 + (3 - (0 + v)). Is 9/(-21) - 46424/x a composite number?
False
Suppose 4*r + 5 = 4*j + 1, -5*r + 2*j + 7 = 0. Suppose -4*d + 15 = -q, d - 2*d + 20 = r*q. Suppose q*k = 3*p + 1660, -4*k - p + 1321 = -2*p. Is k prime?
False
Let j = -334 + 37. Suppose -5*b + 638 = 2*f - 3*f, -2*b + 2516 = -4*f. Let a = j - f. Is a prime?
True
Let j = 13681 + -9387. Let w = 7137 - j. Is w prime?
True
Let n(m) = 19*m**3 + 4*m**2 + 5*m + 32. Let o(f) = 16*f**3 + 3*f**2 + 5*f + 31. Let y(x) = -4*n(x) + 5*o(x). Is y(8) composite?
True
Suppose -3*p + 4 = 1, j = 4*p + 15317. Is j prime?
False
Let b(k) = 230*k**2 - k - 81. Let i(c) = -c**2 - 14*c - 38. Let y be i(-5). Is b(y) prime?
False
Let j = -319 + 342. Let b(f) = f**3 - 13*f**2 + 32*f - 27. Is b(j) a composite number?
True
Let r = -47621 + 96118. Is r prime?
True
Suppose -14 = -m + c + 2, 3*c = -3*m + 54. Suppose 24*j = m*j + 10073. Is j a prime number?
True
Is (-20)/50 - ((-389558)/3)/(180/162) composite?
False
Let b(a) be the first derivative of 159*a**2 - 13*a - 16. Let f be (-72)/(-90)*(-5)/(-1). Is b(f) a composite number?
False
Let y = -250 + 254. Suppose n - 481 = -3*h + y*h, -8 = 4*h. Is n a prime number?
True
Suppose -s = 7*a - 2*a - 900261, 4*a - 720228 = 4*s. Is a prime?
True
Let i(f) be the first derivative of 11*f**2/2 - 37*f - 43. Is i(16) prime?
True
Let r = 45307 - -42492. Is r composite?
True
Let c(n) = -n**3 - 6*n**2 + 7*n + 11. Let u be c(-6). Let b = -431 + u. Let h = b + 1249. Is h composite?
False
Suppose 3*x - r + 6644 + 6266 = 0, -r - 8600 = 2*x. Let g = x - -9673. Is g prime?
False
Suppose 154359 = 5*r - 22306. Is r a prime number?
False
Let q be (-6)/(-2)*5*(-20)/(-75). Suppose 6*a - q*a - 4 = 5*x, 0 = -4*a - 4*x + 64. Suppose -4*s = -g - 158, -2*s + a = 3*g - 60. Is s a prime number?
False
Let o(a) = -22100*a**3 + a**2 + 51*a + 99. Is o(-2) prime?
False
Suppose 11*r + 2673085 = 4127278 + 3841229. Is r a prime number?
False
Suppose -11*p - 2*p = -247. Is ((-2)/p - 263904/(-304)) + 1 prime?
False
Is -11 - -7 - ((-69)/(-12) - -5)*-20348 a composite number?
False
Let w = -1032397 - -1472828. Is w a composite number?
False
Suppose 8725*j - 8717*j = 30904. Is j composite?
False
Suppose r + 3*r = -3*a + 420751, 4*r = 5*a - 701273. Is a a prime number?
False
Let q(j) = -j**2 - j + 27. Let k(r) = 2*r**3 + 2*r**2 - 2*r - 1. Let i be k(-2). Let m be q(i). Suppose 0 = -9*b + m*b + 3466. Is b composite?
False
Let y = -758 + 1694. Suppose 2*b - 1556 = -3*h, -b + 5*h - 145 = -y. Is b a composite number?
True
Let d = 43429 + -26612. Is d composite?
True
Let m(r) = 2*r**2 + 11*r + 9. Let z be m(-5). Suppose -3*o + 2*n + 661 = 0, z*n = 2*o - 3 - 427. Is o a prime number?
True
Let u(h) = -148*h**2 - 3*h - 2. Let f be u(4). Let v = 5989 + f. Is v prime?
True
Suppose 0 = 4*c + 4*s - 104552, -3*c = 954*s - 949*s - 78420. Is c a composite number?
True
Let d be (-21)/35 - 54/(-15). Let k(g) = -4*g**3 + 16*g**2 - 21*g - 25. Let n(w) = 7*w**3 - 32*w**2 + 41*w + 49. Let q(p) = d*n(p) + 5*k(p). Is q(15) prime?
True
Let r be (-1236)/(-15) - (-2)/(-5). Suppose 0 = 69*f - r*f + 13039. Is f prime?
False
Suppose -2*s - 2*g = -629176, -3*s + 4*g = -1283196 + 339481. Is s a prime number?
True
Let h(k) = 1793*k + 9444. Is h(101) prime?
True
Suppose m + 113 = 483. Let y(j) = -j + 5. Let n be y(-13). Suppose 23*v - n*v = m. Is v composite?
True
Is ((-10 - -5) + 9)/(112/3394412) a composite number?
False
Suppose -10*g + 6124 = -6*g. Suppose -5*p = -6476 + g. Is p prime?
False
Suppose -3*b + i - 6*i - 2739 = 0, 5*i = -b - 923. Let s = -2413 + 4142. Let c = s + b. Is c prime?
True
Let z(l) = 442*l**3 + 17*l**2 + 13*l - 197. Is z(12) a composite number?
True
Let d(k) = -3*k**2 + 34*k + 9. Let w be d(11). Suppose -104258 = 6*i - w*i. Is i prime?
False
Let h be 2*1*3/24*20948. Let n = h - 3423. Is n composite?
True
Suppose 72 = 4*l + 3*v, 0 + 18 = l - 2*v. Suppose 4*y = -a - 13, 5*y + l = -6*a + 3*a. Is (-3 - a) + (-9 - -1088) prime?
False
Suppose -w + 1 = k - 2*k, -3*w + 3 = -4*k. Suppose k*m = -2*m + 6394. Is m a composite number?
True
Is ((4 + (-7)/2)*-142)/(2/(-674)) a prime number?
False
Suppose -4*i + 25 = j, -4*j = -2*i - 3*j + 5. Let s(q) be the first derivative of 10*q**3/3 - 7*q**2/2 - 13*q + 104. Is s(i) a prime number?
False
Let o = -12 - -8. Let p be (36/42 - 2/(-14))*999. Is o/8 - p/(-2) a prime number?
True
Let n(r) = -r**3 - 15*r**2 - 4*r - 31. Let z be n(-10). Let l = z - -789. Is l a prime number?
False
Let g(v) = v**3 + 23*v**2 + 2*v + 37. Let t be g(-16). Suppose t - 11738 = -i. Is i a prime number?
True
Suppose 16 = -3*y - 20. Let m = y - -14. Is ((-38)/m)/((-11)/737) composite?
True
Let h = -63559 + 127296. Is h a composite number?
False
Let t(w) = 111*w + 13. Let k be t(5). Suppose 4*u - k = 2*d, -2*d - u - 4*u = 613. Let z = d - -413. Is z a prime number?
False
Let x(w) = 2*w - 15*w**2 + 12 - 4 - 9*w + 4. Let n be x(-9). Let o = -661 - n. Is o a composite number?
False
Suppose 0 = 4*c + 2*x - 134848, -2*x - 8*x - 20 = 0. Is c prime?
True
Suppose -5484875 - 3257378 = -29*i. Is i prime?
False
Suppose 44*m + 3*c = 41*m + 186831, 4*m - 249096 = -c. Is m a composite number?
False
Let k(o) = -5*o - 47. Let j(s) = 5*s + 46. Let d(b) = 3*j(b) + 2*k(b). Let p be d(-8). Suppose r - 8208 = -p*l, 5*l + r = -3*r + 10249. Is l a prime number?
True
Let g be ((-9)/(-4))/(17/351220). Let l = -28702 + g. Is l prime?
True
Let k = 47566 + -28445. Is k a composite number?
False
Let g(b) = 21*b**2 - 32*b + 1793. Is g(128) composite?
True
Let s(x) = 626*x**2 + 26*x - 26. Let a(j) = 209*j**2 + 9*j - 9. Let u(l) = -17*a(l) + 6*s(l). Let d be u(6). Suppose 2*k = -k + d. Is k prime?
True
Is (-10)/(-4)*23326644/330 composite?
True
Suppose -144*u + 244476 + 495039 = -1673781. Is u prime?
True
Let n(o) = o**2 + 211*o + 7583. Let c be n(-59). Let a be 1*-1 + (-1 - 2). Is -4 - c/a*2*-2 a composite number?
False
Let p be -5 + (-44)/(-8) - 98/4. Let c = p - -29. 